sor of x and 36.
36
Let y(o) = 143*o**2 + 5*o - 4. Let n be y(4). Calculate the greatest common factor of 1632 and n.
96
Let v be 2/(1 + 4 - (-27151)/(-5434)). What is the highest common factor of v and 208?
52
Suppose -587*c + 47054 = 376*c - 45394. Suppose 100 - 4 = 4*m - x, -4*m + 2*x = -96. What is the highest common factor of c and m?
24
Let z be (-2)/8 + (-5)/(-40)*106. Let r(k) = k**2 + 16*k + 11. Let p be r(-9). Let s be (-1 - -10)/((-4)/p). Calculate the greatest common divisor of z and s.
13
Suppose -46*p - 2*p + 2832 = 0. What is the greatest common divisor of p and 236?
59
Suppose 2*f - 586 + 588 = 0, -5989 = -5*c + 4*f. Calculate the highest common divisor of 252 and c.
63
Let g(t) = 18*t**2 - 8*t - 19. Let b be g(-1). Calculate the greatest common divisor of b and 2779.
7
Let i = -54 + 56. Suppose -88*f - 16 = -84*f. Let h be i/((-20)/(-63) - f/(-14)). Calculate the greatest common factor of 21 and h.
21
Suppose 3*k + 4*k - 14 = 0. Suppose -4 = -l - 5*t, -l - 3*l + k*t + 60 = 0. Let a = 31 + -24. Calculate the highest common factor of l and a.
7
Let i = 231 - 219. Let f be (144/30)/(i/400). What is the greatest common factor of f and 60?
20
Let r be (1 - -2)/(15/400). Let v = -1518 - -1582. What is the greatest common factor of v and r?
16
Let r = 11506 + -10546. Calculate the highest common factor of 330 and r.
30
Let g be (67745/2)/17*24/15. Let y be g/42 - (-30)/315. What is the highest common divisor of y and 1216?
76
Let h = -7659 + 7724. Calculate the highest common divisor of h and 2093.
13
Let h(j) = 1229*j + 488. Let m be h(8). What is the greatest common factor of 120 and m?
120
Let c(f) = -f - 2. Let j(w) = -w**2 - 11*w + 8. Let a(n) = c(n) + j(n). Let y be a(-6). What is the highest common divisor of 420 and y?
42
Let s(x) = x + 69. Let d be s(-31). Let t be d/7*14/4. Suppose 33 = 5*c - 2*h - 62, c + 5*h - 19 = 0. What is the highest common divisor of c and t?
19
Suppose 0 = 3*r - 2*p - 80, -2*p + 143 + 17 = 5*r. Suppose -9*b + 312 = -r. What is the greatest common divisor of b and 418?
38
Let y be (-26)/65*(-10)/1. Suppose 0*h - 131 = -5*h + i, -124 = -y*h - 4*i. Let j = -2 + 5. Calculate the highest common divisor of h and j.
3
Suppose 4*h - 436 = -4*c, -5*c + 151 + 178 = 3*h. Calculate the greatest common factor of 8 and h.
4
Let l be 4186/12 + -2 - (-12)/72. Suppose -3*z = -2*j + l, -4*j + 4*z - 6*z + 702 = 0. What is the greatest common divisor of 70 and j?
35
Let p(k) = -61*k + 566. Let u be p(8). What is the highest common divisor of u and 2054?
26
Let w(c) = -c**3 - 14*c**2 - 6*c - 186. Let o be w(-15). What is the greatest common divisor of 4988 and o?
43
Suppose -24 = 4*h - 124. Suppose -5*i + 8925 = 36*i - 20*i. What is the greatest common divisor of h and i?
25
Suppose 3*m = 97 - 28. Suppose 2*x - 35 = 7*x. Let c = m + x. What is the greatest common factor of 40 and c?
8
Suppose -4*z = 29*z + 627. Let h be -5 + 7 + -3 - z. Calculate the highest common factor of h and 72.
18
Let i = -37158 - -37268. Let l(x) = 3*x + 1. Let r be l(3). What is the highest common factor of i and r?
10
Suppose -82602 + 835962 = 730*c. Calculate the greatest common divisor of 168 and c.
24
Let b be 4/(12/16 - (-3 + (-295)/(-100))). Let f be (-15)/6*62*-1. Calculate the greatest common divisor of b and f.
5
Let g = -459 + 460. Calculate the highest common divisor of 69 and g.
1
Let l = 181 - 180. Suppose 3 - l = s. What is the highest common divisor of 14 and s?
2
Suppose -2*m + 32 = -z + 8, 3*m - 50 = 2*z. Let i be 8/z - (-284)/14. Let r be (-5)/(10/i*(-2)/3). Calculate the greatest common factor of 15 and r.
15
Let z be (-1*24 - 1) + 0. Let g = z - -17. Let p be 0 + 156 - (-6 - g). Calculate the greatest common divisor of p and 22.
22
Let a(x) = x**3 + 12*x**2 + 10*x + 1. Suppose -31*m - 22 = -29*m. Let f be a(m). What is the highest common divisor of 54 and f?
6
Suppose -4*b = -4*a - 640, 3*b + 2*a = -b + 658. Let c = b - 122. Let f be (-2 - -4)*(-246)/(-12). Calculate the highest common factor of c and f.
41
Suppose -4*t - 4*d + 4 = 8, 0 = d. Let a be (-10)/((t - -2)/(3 + -4)). Let q = 42 - -3. What is the greatest common divisor of q and a?
5
Let j(h) = 1641*h**2 - 70*h + 71. Let q be j(1). What is the highest common factor of 2 and q?
2
Suppose 221 + 1516 = 193*b. Suppose -3*x = -5*c + 7, -4*x + c = -x - 13. Let a be x/(-9)*-6 + -3. Calculate the highest common divisor of a and b.
1
Let x(h) = -2*h + 9. Suppose -3 = 2*c - r + 3, 4*r = 3*c + 4. Let j be x(c). What is the highest common divisor of j and 17?
17
Let b = 535 - 1041. Let v = 570 + b. What is the highest common factor of v and 12?
4
Let k(m) = 35*m + 1193. Let q be k(-34). Calculate the greatest common divisor of 33 and q.
3
Let v be (-1256)/16*(-2 - 0 - 2). Suppose 322*l - 1584 = v*l. Calculate the highest common factor of l and 18.
18
Let x be 287 - ((-9)/(-15) - (-322)/(-70)). Calculate the highest common factor of x and 2231.
97
Let d be 2*5*(416/80)/2. Calculate the highest common factor of 2834 and d.
26
Let x(z) = -57*z + 59. Let h be x(-1). What is the greatest common factor of 2378 and h?
58
Let z be (-6)/(-4) - (-21)/(-56)*4. Suppose -3*y + 2*y = -4*p + 81, z = -4*y - 4. Calculate the greatest common factor of p and 25.
5
Let h(v) = -46 - 6*v + 20*v - v - 14*v - 16*v. Let c be h(-6). Let u be (-51)/(-7) + 4/(-14). What is the greatest common divisor of c and u?
7
Suppose 122*x - 605 = 119*x + g, -2*x + 425 = -5*g. Let a = 365 - x. Suppose 3*r = 5*q - 78, 7 - 26 = -q + 4*r. What is the greatest common factor of a and q?
15
Suppose 0 = -2*i - 12 + 2, 2*m = i + 67. Let w = -21 + m. What is the highest common divisor of w and 130?
10
Let y(w) = 152*w**3 + 3*w**2 - 38*w + 55. Let o be y(2). Calculate the highest common divisor of 34 and o.
17
Suppose -4*d - d = -105. Let b(a) = 291*a + 3243. Let i be b(-11). What is the highest common factor of i and d?
21
Suppose -6*c + 216 = -0*c. Suppose -d - 3 = -5*m, 0*m - 3*m - 6 = 2*d. Suppose -b + c - 26 = m. Calculate the greatest common factor of 110 and b.
10
Suppose 0 = -r - 118 + 168. Suppose 5*z - r - 30 = 0. What is the greatest common divisor of z and 256?
16
Let q = 10 - 32. Let k be 12*2 + (-66)/q. Suppose 4 = -5*w - 4*v + 69, 3*w = -3*v + 42. Calculate the highest common divisor of w and k.
9
Let x be 2*(2/(-9) - 922/(-18)). Let r = 1985 - 1747. What is the greatest common divisor of r and x?
34
Let f be (64/(-24) + 2)/(1/(-942)). Calculate the highest common factor of 471 and f.
157
Suppose 5*a - 56 = 3*c, -c + 1 = 2*a - 17. Let q be -14*(-1 + 9/(-6)). Calculate the highest common factor of a and q.
5
Let m = 5994 + -5568. What is the highest common divisor of m and 30?
6
Let w = 4 + -3. Suppose 31 = 2*x - w. Let z be (-526)/(-13) - (1260/(-182))/(-15). Calculate the greatest common divisor of z and x.
8
Suppose 0 = 51*z - 60*z + 81. Suppose 0 = -17*g - z*g + 1872. What is the highest common factor of 108 and g?
36
Suppose 29 = p + 4. Suppose -2*f - 5*m + 4 = -0, -3*f = m - 6. Let w be 208/(-364) - (f + 88/(-7)). Calculate the highest common divisor of p and w.
5
Let f(b) = -14*b**2 + b. Let u be f(-1). Suppose -703*x = -698*x - 125. Let h = x + u. What is the greatest common divisor of 10 and h?
10
Let o = -24901 + 24937. What is the greatest common factor of o and 15432?
12
Suppose 0 = -2*w - 3*d - 7, 0*w + d - 19 = 2*w. Let c = 12 + w. Suppose 0*a + c*a = 84. What is the highest common divisor of a and 14?
7
Suppose j + 6 = 3*k, 4*j = -0*j + k + 9. Let r(f) = 3*f**2 + 4*f. Let c be r(j). Let d = 59 - c. Calculate the highest common factor of 40 and d.
20
Let l be 90/((-6)/(-3) + -4). Let p = l + 92. Calculate the highest common factor of p and 752.
47
Let q = 699 + -529. What is the greatest common divisor of q and 10?
10
Suppose -5*g + 66 = 4*c - 472, -5*g = -10. Suppose -428 = -20*q + c. Calculate the highest common factor of q and 98.
14
Suppose 5017 = -29*i - 12180. Let n = i + 602. Calculate the highest common divisor of 225 and n.
9
Let o = 1 + 2. Suppose -2*a - 89 = -3*x, -29 = 3*a - x + 101. Let c = -40 - a. Calculate the greatest common divisor of c and o.
3
Suppose 5*z - 313 + 340 = 2*l, l + 4*z = 72. Calculate the highest common factor of 25260 and l.
12
Let w(q) = 5*q**2 - 27*q + 127. L